{"id":282,"date":"2021-01-22T22:30:02","date_gmt":"2021-01-22T22:30:02","guid":{"rendered":"http:\/\/ifdhorqueta.edu.py\/astra\/?page_id=282"},"modified":"2025-10-28T13:55:54","modified_gmt":"2025-10-28T13:55:54","slug":"formacion-en-servicio","status":"publish","type":"page","link":"http:\/\/ifdhorqueta.edu.py\/astra\/formacion-en-servicio\/","title":{"rendered":"Formaci\u00f3n en Servicio"},"content":{"rendered":"\n<p>Es el proceso de <strong>actualizaci\u00f3n, perfeccionamiento y desarrollo profesional<\/strong> que realiza el <strong>docente en ejercicio<\/strong>, una vez que ya obtuvo su t\u00edtulo, con el fin de <strong>mejorar su pr\u00e1ctica pedag\u00f3gica<\/strong> y adaptarse a las transformaciones del sistema educativo.<\/p>\n\n\n\n<h3 class=\"wp-block-heading\">\ud83d\udcda Tipos de oferta<\/h3>\n\n\n\n<p>Incluye diversas modalidades:<\/p>\n\n\n\n<ul class=\"wp-block-list\">\n<li>Cursos de actualizaci\u00f3n pedag\u00f3gica y disciplinar.<\/li>\n\n\n\n<li>Diplomados y especializaciones.<\/li>\n\n\n\n<li>Talleres, seminarios y conferencias.<\/li>\n\n\n\n<li>Programas de acompa\u00f1amiento pedag\u00f3gico y mentor\u00eda.<\/li>\n\n\n\n<li>Formaci\u00f3n en TICs, gesti\u00f3n, orientaci\u00f3n y educaci\u00f3n inclusiva.<\/li>\n<\/ul>\n\n\n\n<h3 class=\"wp-block-heading\">\ud83c\udfaf Objetivo<\/h3>\n\n\n\n<p>Promover el <strong>desarrollo profesional continuo<\/strong> del docente, asegurando que su pr\u00e1ctica sea:<\/p>\n\n\n\n<ul class=\"wp-block-list\">\n<li>Actualizada y contextualizada.<\/li>\n\n\n\n<li>Basada en la reflexi\u00f3n pedag\u00f3gica.<\/li>\n\n\n\n<li>Enfocada en la <strong>mejora del aprendizaje estudiantil<\/strong>.<\/li>\n<\/ul>\n","protected":false},"excerpt":{"rendered":"<p>Es el proceso de actualizaci\u00f3n, perfeccionamiento y desarrollo profesional que realiza el docente en ejercicio, una vez que ya obtuvo su t\u00edtulo, con el fin de mejorar su pr\u00e1ctica pedag\u00f3gica y adaptarse a las transformaciones del sistema educativo. \ud83d\udcda Tipos de oferta Incluye diversas modalidades: \ud83c\udfaf Objetivo Promover el desarrollo profesional continuo del docente, asegurando [&hellip;]<\/p>\n","protected":false},"author":1,"featured_media":0,"parent":0,"menu_order":0,"comment_status":"closed","ping_status":"closed","template":"","meta":{"site-sidebar-layout":"default","site-content-layout":"default","ast-site-content-layout":"default","site-content-style":"default","site-sidebar-style":"default","ast-global-header-display":"","ast-banner-title-visibility":"","ast-main-header-display":"","ast-hfb-above-header-display":"","ast-hfb-below-header-display":"","ast-hfb-mobile-header-display":"","site-post-title":"","ast-breadcrumbs-content":"","ast-featured-img":"","footer-sml-layout":"","ast-disable-related-posts":"","theme-transparent-header-meta":"default","adv-header-id-meta":"","stick-header-meta":"","header-above-stick-meta":"","header-main-stick-meta":"","header-below-stick-meta":"","astra-migrate-meta-layouts":"set","ast-page-background-enabled":"default","ast-page-background-meta":{"desktop":{"background-color":"","background-image":"","background-repeat":"repeat","background-position":"center center","background-size":"auto","background-attachment":"scroll","background-type":"","background-media":"","overlay-type":"","overlay-color":"","overlay-opacity":"","overlay-gradient":""},"tablet":{"background-color":"","background-image":"","background-repeat":"repeat","background-position":"center center","background-size":"auto","background-attachment":"scroll","background-type":"","background-media":"","overlay-type":"","overlay-color":"","overlay-opacity":"","overlay-gradient":""},"mobile":{"background-color":"","background-image":"","background-repeat":"repeat","background-position":"center center","background-size":"auto","background-attachment":"scroll","background-type":"","background-media":"","overlay-type":"","overlay-color":"","overlay-opacity":"","overlay-gradient":""}},"ast-content-background-meta":{"desktop":{"background-color":"var(--ast-global-color-5)","background-image":"","background-repeat":"repeat","background-position":"center center","background-size":"auto","background-attachment":"scroll","background-type":"","background-media":"","overlay-type":"","overlay-color":"","overlay-opacity":"","overlay-gradient":""},"tablet":{"background-color":"var(--ast-global-color-5)","background-image":"","background-repeat":"repeat","background-position":"center center","background-size":"auto","background-attachment":"scroll","background-type":"","background-media":"","overlay-type":"","overlay-color":"","overlay-opacity":"","overlay-gradient":""},"mobile":{"background-color":"var(--ast-global-color-5)","background-image":"","background-repeat":"repeat","background-position":"center center","background-size":"auto","background-attachment":"scroll","background-type":"","background-media":"","overlay-type":"","overlay-color":"","overlay-opacity":"","overlay-gradient":""}},"footnotes":""},"class_list":["post-282","page","type-page","status-publish","hentry"],"_links":{"self":[{"href":"http:\/\/ifdhorqueta.edu.py\/astra\/wp-json\/wp\/v2\/pages\/282","targetHints":{"allow":["GET"]}}],"collection":[{"href":"http:\/\/ifdhorqueta.edu.py\/astra\/wp-json\/wp\/v2\/pages"}],"about":[{"href":"http:\/\/ifdhorqueta.edu.py\/astra\/wp-json\/wp\/v2\/types\/page"}],"author":[{"embeddable":true,"href":"http:\/\/ifdhorqueta.edu.py\/astra\/wp-json\/wp\/v2\/users\/1"}],"replies":[{"embeddable":true,"href":"http:\/\/ifdhorqueta.edu.py\/astra\/wp-json\/wp\/v2\/comments?post=282"}],"version-history":[{"count":3,"href":"http:\/\/ifdhorqueta.edu.py\/astra\/wp-json\/wp\/v2\/pages\/282\/revisions"}],"predecessor-version":[{"id":464,"href":"http:\/\/ifdhorqueta.edu.py\/astra\/wp-json\/wp\/v2\/pages\/282\/revisions\/464"}],"wp:attachment":[{"href":"http:\/\/ifdhorqueta.edu.py\/astra\/wp-json\/wp\/v2\/media?parent=282"}],"curies":[{"name":"wp","href":"https:\/\/api.w.org\/{rel}","templated":true}]}}